{"id":13,"date":"2016-05-28T19:08:36","date_gmt":"2016-05-28T17:08:36","guid":{"rendered":"http:\/\/daniela-berndt.foundation\/matrix\/?page_id=13"},"modified":"2018-08-16T12:01:52","modified_gmt":"2018-08-16T10:01:52","slug":"regle-3","status":"publish","type":"page","link":"https:\/\/www.daniela-berndt.foundation\/matrix\/fr\/feedback\/regle-3\/","title":{"rendered":"R\u00e8gle 3"},"content":{"rendered":"<h4>Dimension financi\u00e8re<\/h4>\n<p>Consid\u00e9rant par ailleurs que le travail d\u2019un auteur web consiste avant tout \u00e0 publier de la valeur ajout\u00e9e, il lui sera d\u2019autant plus n\u00e9cessaire de g\u00e9rer ce temps de rencontre avec son public de mani\u00e8re semi-diff\u00e9r\u00e9e, c\u2019est-\u00e0-dire par l\u2019interm\u00e9diaire des options de mod\u00e9ration\u00a0(1) disponibles, pour ne pas tomber dans le pi\u00e8ge de la justification permanente inh\u00e9rent aux syst\u00e8mes de commentaires en temps r\u00e9el caract\u00e9ristiques des plateformes de r\u00e9seaux sociaux.<\/p>\n<p><strong>Navigation<\/strong><br \/>\n<a href=\"https:\/\/www.daniela-berndt.foundation\/matrix\/en\/feedback\/rule-3\/\">EN<\/a> \u2022 <a href=\"https:\/\/www.daniela-berndt.foundation\/matrix\/de\/feedback\/regel-3\/\">DE<\/a>\u00a0\u2022\u00a0<a href=\"https:\/\/www.daniela-berndt.foundation\/matrix\/fr\/feedback\/regle-4\/\">R4<\/a><\/p>\n<p><strong>Pr\u00e9cisions<\/strong><br \/>\n(1)\u00a0<a href=\"https:\/\/fr.wikipedia.org\/wiki\/Mod\u00e9ration_d%27informations\" target=\"_blank\" rel=\"noopener\">https:\/\/fr.wikipedia.org\/wiki\/moderation-d-informations<\/a><\/p>\n","protected":false},"excerpt":{"rendered":"<p>Dimension financi\u00e8re Consid\u00e9rant par ailleurs que le travail d\u2019un auteur web consiste avant tout \u00e0 publier de la valeur ajout\u00e9e, il lui sera d\u2019autant&#46;&#46;&#46;<\/p>\n","protected":false},"author":1,"featured_media":0,"parent":2,"menu_order":3,"comment_status":"open","ping_status":"closed","template":"","meta":{"footnotes":""},"class_list":["post-13","page","type-page","status-publish","hentry"],"_links":{"self":[{"href":"https:\/\/www.daniela-berndt.foundation\/matrix\/wp-json\/wp\/v2\/pages\/13","targetHints":{"allow":["GET"]}}],"collection":[{"href":"https:\/\/www.daniela-berndt.foundation\/matrix\/wp-json\/wp\/v2\/pages"}],"about":[{"href":"https:\/\/www.daniela-berndt.foundation\/matrix\/wp-json\/wp\/v2\/types\/page"}],"author":[{"embeddable":true,"href":"https:\/\/www.daniela-berndt.foundation\/matrix\/wp-json\/wp\/v2\/users\/1"}],"replies":[{"embeddable":true,"href":"https:\/\/www.daniela-berndt.foundation\/matrix\/wp-json\/wp\/v2\/comments?post=13"}],"version-history":[{"count":26,"href":"https:\/\/www.daniela-berndt.foundation\/matrix\/wp-json\/wp\/v2\/pages\/13\/revisions"}],"predecessor-version":[{"id":4707,"href":"https:\/\/www.daniela-berndt.foundation\/matrix\/wp-json\/wp\/v2\/pages\/13\/revisions\/4707"}],"up":[{"embeddable":true,"href":"https:\/\/www.daniela-berndt.foundation\/matrix\/wp-json\/wp\/v2\/pages\/2"}],"wp:attachment":[{"href":"https:\/\/www.daniela-berndt.foundation\/matrix\/wp-json\/wp\/v2\/media?parent=13"}],"curies":[{"name":"wp","href":"https:\/\/api.w.org\/{rel}","templated":true}]}}