{"id":194,"date":"2016-05-29T23:20:58","date_gmt":"2016-05-29T21:20:58","guid":{"rendered":"http:\/\/daniela-berndt.foundation\/matrix\/?page_id=194"},"modified":"2018-08-16T12:28:00","modified_gmt":"2018-08-16T10:28:00","slug":"regel-2","status":"publish","type":"page","link":"https:\/\/www.daniela-berndt.foundation\/matrix\/de\/feedback\/regel-2\/","title":{"rendered":"Regel 2"},"content":{"rendered":"<h4>Rechtliche Dimension<\/h4>\n<p>Damit eine solche Pr\u00e4ventionslogik den erwarteten Urheberrechtsschutz entfalten kann, muss der Autor nat\u00fcrlich einer proaktiven Publikationsstrategie nachgehen, um solchen Gegnern den Boden unter den F\u00fcssen wegzuziehen, die allzu systematisch auf Verleumdung\u00a0(1) zur\u00fcckgreifen. Schlimmstenfalls wird der unsachliche Angriff durch einen selbstverschuldeten Bumerang-Effekt beendet, entsprechend den konzeptualisierten Bestimmungen des europ\u00e4ischen Gesetzes \u00fcber das geistige Eigentum (das f\u00fcr die Anwendung des Verursacherprinzips [2] sorgen soll).<\/p>\n<p><strong>Navigation<\/strong><br \/>\n<a href=\"https:\/\/www.daniela-berndt.foundation\/matrix\/fr\/feedback\/regle-2\/\">FR<\/a> \u2022 <a href=\"https:\/\/www.daniela-berndt.foundation\/matrix\/en\/feedback\/rule-2\/\">EN<\/a>\u00a0\u2022\u00a0<a href=\"https:\/\/www.daniela-berndt.foundation\/matrix\/de\/feedback\/regel-3\/\">R3<\/a><\/p>\n<p><strong>N\u00e4here Angaben<\/strong><br \/>\n(1)\u00a0<a href=\"https:\/\/de.wikipedia.org\/wiki\/Diffamierung\" target=\"_blank\" rel=\"noopener\">https:\/\/de.wikipedia.org\/wiki\/diffamierung<\/a><br \/>\n(2)\u00a0<a href=\"https:\/\/de.wikipedia.org\/wiki\/Verursacherprinzip\" target=\"_blank\" rel=\"noopener\">https:\/\/de.wikipedia.org\/wiki\/verursacherprinzip<\/a><\/p>\n","protected":false},"excerpt":{"rendered":"<p>Rechtliche Dimension Damit eine solche Pr\u00e4ventionslogik den erwarteten Urheberrechtsschutz entfalten kann, muss der Autor nat\u00fcrlich einer proaktiven Publikationsstrategie nachgehen, um solchen Gegnern den Boden&#46;&#46;&#46;<\/p>\n","protected":false},"author":1,"featured_media":0,"parent":183,"menu_order":2,"comment_status":"open","ping_status":"closed","template":"","meta":{"footnotes":""},"class_list":["post-194","page","type-page","status-publish","hentry"],"_links":{"self":[{"href":"https:\/\/www.daniela-berndt.foundation\/matrix\/wp-json\/wp\/v2\/pages\/194","targetHints":{"allow":["GET"]}}],"collection":[{"href":"https:\/\/www.daniela-berndt.foundation\/matrix\/wp-json\/wp\/v2\/pages"}],"about":[{"href":"https:\/\/www.daniela-berndt.foundation\/matrix\/wp-json\/wp\/v2\/types\/page"}],"author":[{"embeddable":true,"href":"https:\/\/www.daniela-berndt.foundation\/matrix\/wp-json\/wp\/v2\/users\/1"}],"replies":[{"embeddable":true,"href":"https:\/\/www.daniela-berndt.foundation\/matrix\/wp-json\/wp\/v2\/comments?post=194"}],"version-history":[{"count":25,"href":"https:\/\/www.daniela-berndt.foundation\/matrix\/wp-json\/wp\/v2\/pages\/194\/revisions"}],"predecessor-version":[{"id":4801,"href":"https:\/\/www.daniela-berndt.foundation\/matrix\/wp-json\/wp\/v2\/pages\/194\/revisions\/4801"}],"up":[{"embeddable":true,"href":"https:\/\/www.daniela-berndt.foundation\/matrix\/wp-json\/wp\/v2\/pages\/183"}],"wp:attachment":[{"href":"https:\/\/www.daniela-berndt.foundation\/matrix\/wp-json\/wp\/v2\/media?parent=194"}],"curies":[{"name":"wp","href":"https:\/\/api.w.org\/{rel}","templated":true}]}}