{"id":2586,"date":"2018-07-04T15:24:18","date_gmt":"2018-07-04T13:24:18","guid":{"rendered":"https:\/\/www.daniela-berndt.foundation\/matrix\/?page_id=2586"},"modified":"2018-08-22T18:46:34","modified_gmt":"2018-08-22T16:46:34","slug":"dimension-7","status":"publish","type":"page","link":"https:\/\/www.daniela-berndt.foundation\/matrix\/de\/entwicklung\/dimension-7\/","title":{"rendered":"Dimension 7"},"content":{"rendered":"<h4>Archivierbarkeit<\/h4>\n<p>Die Archivierungsmodalit\u00e4ten (1) ergeben sich unmittelbar aus der auf der vorigen Etappe pr\u00e4sentierten Web-orientierten Publikationsstrategie, entsprechend des gleichen Matrix-gest\u00fctzten bzw. systemischen (2) Ansatzes, was die Nachhaltigkeit des Produktionsprozesses auf jeder Etappe der Mehrwertschaffungskette gew\u00e4hrleisten wird, und zwar sowohl im Bereich der Bewahrung von Inhalten, als auch hinsichtlich der Sicherung der Betriebssysteme.<\/p>\n<p>Die ganzheitlich der einheitlichen Konzepterkl\u00e4rung gewidmete &#8220;Externet+&#8221;-Ebene des Zugriffs auf das Master-Franchise-Netzwerk ist der Bereich der Integration &#8211; in formatspezifischen Bibliotheken &#8211; von verschiedenartigen Inhalten, zum Zweck der sp\u00e4teren Eingabe (als Input bzw. Rohstoff) in den Transformationsprozess des Franchise-Nehmers. Insofern als die auf dieser Ebene zu verarbeitenden Informationen sich noch in einem relativ &#8220;rohen&#8221; Zustand befinden, ist in Bezug auf Bewahrung und Wiederherstellung &#8211; neben solchen Inhalten selbst &#8211; den Importations-, Verarbeitungs-, Exportierungs- und \u00dcbermittlungsmetadaten besondere Achtung zu schenken.<\/p>\n<p>Auf der &#8220;Intranet+&#8221;-Ebene des Aufbaus der einer bestimmten Auftragserkl\u00e4rung gewidmeten Kapitalisierungsgrundlage, wird dieses Rohmaterial in den eigentlichen Produktionsprozess (Throughput) des Franchise-Nehmers eingegeben. Mit steigendem Mehrwert der kontextualisierten Information, sind &#8211; neben den Zwischeninhalten &#8211; die Inkrementierungs- (3) und Leistungsmessungsmetadaten besonders zu beachten.<\/p>\n<p>Auf der &#8220;Extranet+&#8221;-Ebene der Markteinf\u00fchrung, in dem NetPlusUltra\u00ae-Franchise-Netzwerk, einer betriebsbereiten Web-Dienstleistung, die den spezifikativen Anforderungen einer bestimmten Auftragserkl\u00e4rung Rechnung tr\u00e4gt, sind es &#8211; neben wissensintensiven Inhalten mit hohem Marktwert &#8211; die Publikations-, Aktualisierungs- und Instandhaltungsmetadaten, die durch eine dedizierte Aufbewahrungs- und Wiederherstellungsstrategie gesch\u00fctzt werden m\u00fcssen.<\/p>\n<p>Auf jeder Transformationsstufe muss weiters entschieden werden, ob die beabsichtigte Archivierung eine definitive (einmalige) Angelegenheit sein soll, in welchem Fall die betreffenden Inhalte von dem Speicher- und\/oder kollaborativen Publikationsserver gel\u00f6scht werden m\u00fcssen, oder ob es sich dabei um eine als Teil der Entwicklung des betrachteten Web-Franchise-Perimeters vorgesehene Umpublizierung handeln wird.<\/p>\n<p><strong>Navigation<\/strong><br \/>\n<a href=\"https:\/\/www.daniela-berndt.foundation\/matrix\/fr\/developpement\/dimension-7\/\">FR<\/a> \u2022 <a href=\"https:\/\/www.daniela-berndt.foundation\/matrix\/en\/development\/dimension-7\/\">EN<\/a> \u2022\u00a0<a href=\"https:\/\/www.daniela-berndt.foundation\/matrix\/de\/konfiguration\/\">Konfiguration<\/a><\/p>\n<p><strong>N\u00e4here Angaben<\/strong><br \/>\n(1) <a href=\"https:\/\/de.wikipedia.org\/wiki\/Elektronische_Archivierung\" target=\"_blank\" rel=\"noopener\">https:\/\/de.wikipedia.org\/wiki\/elektronische-archivierung<\/a><br \/>\n(2)\u00a0<a href=\"https:\/\/www.daniela-berndt.foundation\/matrix\/slidefolio\/menu-3_dimension-7\/\">https:\/\/www.daniela-berndt.foundation\/matrix\/slidefolio\/menu-3_dimension-7\/<\/a><br \/>\n(3) <a href=\"https:\/\/de.wikipedia.org\/wiki\/Inkrementalismus\" target=\"_blank\" rel=\"noopener\">https:\/\/de.wikipedia.org\/wiki\/inkrementalismus<\/a><\/p>\n","protected":false},"excerpt":{"rendered":"<p>Archivierbarkeit Die Archivierungsmodalit\u00e4ten (1) ergeben sich unmittelbar aus der auf der vorigen Etappe pr\u00e4sentierten Web-orientierten Publikationsstrategie, entsprechend des gleichen Matrix-gest\u00fctzten bzw. systemischen (2) Ansatzes,&#46;&#46;&#46;<\/p>\n","protected":false},"author":1,"featured_media":0,"parent":2245,"menu_order":7,"comment_status":"open","ping_status":"closed","template":"","meta":{"footnotes":""},"class_list":["post-2586","page","type-page","status-publish","hentry"],"_links":{"self":[{"href":"https:\/\/www.daniela-berndt.foundation\/matrix\/wp-json\/wp\/v2\/pages\/2586","targetHints":{"allow":["GET"]}}],"collection":[{"href":"https:\/\/www.daniela-berndt.foundation\/matrix\/wp-json\/wp\/v2\/pages"}],"about":[{"href":"https:\/\/www.daniela-berndt.foundation\/matrix\/wp-json\/wp\/v2\/types\/page"}],"author":[{"embeddable":true,"href":"https:\/\/www.daniela-berndt.foundation\/matrix\/wp-json\/wp\/v2\/users\/1"}],"replies":[{"embeddable":true,"href":"https:\/\/www.daniela-berndt.foundation\/matrix\/wp-json\/wp\/v2\/comments?post=2586"}],"version-history":[{"count":9,"href":"https:\/\/www.daniela-berndt.foundation\/matrix\/wp-json\/wp\/v2\/pages\/2586\/revisions"}],"predecessor-version":[{"id":5209,"href":"https:\/\/www.daniela-berndt.foundation\/matrix\/wp-json\/wp\/v2\/pages\/2586\/revisions\/5209"}],"up":[{"embeddable":true,"href":"https:\/\/www.daniela-berndt.foundation\/matrix\/wp-json\/wp\/v2\/pages\/2245"}],"wp:attachment":[{"href":"https:\/\/www.daniela-berndt.foundation\/matrix\/wp-json\/wp\/v2\/media?parent=2586"}],"curies":[{"name":"wp","href":"https:\/\/api.w.org\/{rel}","templated":true}]}}