{"id":3236,"date":"2018-07-06T20:09:30","date_gmt":"2018-07-06T18:09:30","guid":{"rendered":"https:\/\/www.daniela-berndt.foundation\/matrix\/?page_id=3236"},"modified":"2024-08-06T18:58:19","modified_gmt":"2024-08-06T16:58:19","slug":"multisite","status":"publish","type":"page","link":"https:\/\/www.daniela-berndt.foundation\/matrix\/fr\/multisite\/","title":{"rendered":"Multisite"},"content":{"rendered":"<p>Ce Forum Aux Questions est aussi et surtout le seul module CMS en acc\u00e8s libre d\u2019une installation multisite WordPress.org de type &#8220;Sandbox CMS&#8221; cr\u00e9\u00e9e sp\u00e9cifiquement pour les besoins de ma d\u00e9monstration de concept (et) de faisabilit\u00e9.<\/p>\n<p>Contrairement aux boutons du menu de pied de page des cinq autres modules sous acc\u00e8s restreint, qui permettent de &#8220;m\u00e9ta-connecter&#8221; les six modules du multisite entre eux, chacune des redirections du pr\u00e9sent FAQ renvoie vers la fiche de pr\u00e9sentation correspondante dans l\u2019Agenda de publication de mon M\u00e9tafolio de 2014 (1).<\/p>\n<p>Cette mise \u00e0 jour de fin de parcours de publication me fournit par ailleurs l\u2019occasion de vous faire remarquer que chacune des cat\u00e9gories linguistiques du blogue de ce module FAQ a \u00e9t\u00e9 enrichie d\u2019une sous-cat\u00e9gorie de type &#8220;changeblog&#8221; intitul\u00e9e &#8220;Versionnage (2)&#8221;, dont les futurs articles porteront non pas sur l\u2019ajout de nouvelles listes de discussions, mais sur les modifications apport\u00e9es \u00e0 la structure m\u00eame de ce site, telle qu\u2019explicit\u00e9e dans les menus de pages web des sections linguistiques principales (FRA, ENG et DEU).<\/p>\n<p><strong>Notes dans le texte<\/strong><br \/>\n(1) <a href=\"https:\/\/www.daniela-berndt.ovh\/fr\/agenda\/files\/tag-module-wordpress.org.html\" target=\"_blank\" rel=\"noopener\">M\u00e9tafolio v3.9.6\/2024<\/a><br \/>\n(2) <a href=\"https:\/\/www.daniela-berndt.foundation\/matrix\/fr\/journalisation\/\">Fran\u00e7ais &gt; Versionnage<\/a><\/p>\n<p><strong>Navigation<\/strong><br \/>\n<a href=\"https:\/\/www.daniela-berndt.foundation\/matrix\/en\/multisite\/\">EN<\/a> \u2022 <a href=\"https:\/\/www.daniela-berndt.foundation\/matrix\/de\/multisite\/\">DE<\/a> \u2022 <a href=\"https:\/\/www.daniela-berndt.foundation\/matrix\/fr\/\">Accueil<\/a><\/p>\n","protected":false},"excerpt":{"rendered":"<p>Ce Forum Aux Questions est aussi et surtout le seul module CMS en acc\u00e8s libre d\u2019une installation multisite WordPress.org de type &#8220;Sandbox CMS&#8221; cr\u00e9\u00e9e&#46;&#46;&#46;<\/p>\n","protected":false},"author":1,"featured_media":0,"parent":2297,"menu_order":6,"comment_status":"closed","ping_status":"closed","template":"","meta":{"footnotes":""},"class_list":["post-3236","page","type-page","status-publish","hentry"],"_links":{"self":[{"href":"https:\/\/www.daniela-berndt.foundation\/matrix\/wp-json\/wp\/v2\/pages\/3236","targetHints":{"allow":["GET"]}}],"collection":[{"href":"https:\/\/www.daniela-berndt.foundation\/matrix\/wp-json\/wp\/v2\/pages"}],"about":[{"href":"https:\/\/www.daniela-berndt.foundation\/matrix\/wp-json\/wp\/v2\/types\/page"}],"author":[{"embeddable":true,"href":"https:\/\/www.daniela-berndt.foundation\/matrix\/wp-json\/wp\/v2\/users\/1"}],"replies":[{"embeddable":true,"href":"https:\/\/www.daniela-berndt.foundation\/matrix\/wp-json\/wp\/v2\/comments?post=3236"}],"version-history":[{"count":28,"href":"https:\/\/www.daniela-berndt.foundation\/matrix\/wp-json\/wp\/v2\/pages\/3236\/revisions"}],"predecessor-version":[{"id":6949,"href":"https:\/\/www.daniela-berndt.foundation\/matrix\/wp-json\/wp\/v2\/pages\/3236\/revisions\/6949"}],"up":[{"embeddable":true,"href":"https:\/\/www.daniela-berndt.foundation\/matrix\/wp-json\/wp\/v2\/pages\/2297"}],"wp:attachment":[{"href":"https:\/\/www.daniela-berndt.foundation\/matrix\/wp-json\/wp\/v2\/media?parent=3236"}],"curies":[{"name":"wp","href":"https:\/\/api.w.org\/{rel}","templated":true}]}}