{"id":357,"date":"2016-05-30T19:25:12","date_gmt":"2016-05-30T17:25:12","guid":{"rendered":"http:\/\/daniela-berndt.foundation\/matrix\/?page_id=357"},"modified":"2018-08-16T12:34:08","modified_gmt":"2018-08-16T10:34:08","slug":"etappe-2","status":"publish","type":"page","link":"https:\/\/www.daniela-berndt.foundation\/matrix\/de\/wordpress\/etappe-2\/","title":{"rendered":"Etappe 2"},"content":{"rendered":"<h4>Installation (von MySQL und WordPress)<\/h4>\n<p>Um eine WordPress-Website reibungslos erstellen zu k\u00f6nnen, werden Sie zun\u00e4chst eine Entscheidung treffen m\u00fcssen, zwischen einer automatischen Installierung, die ein WordPress-Modul standardm\u00e4ssig direkt in Ihr Root-Verzeichnis speichert (unter der Voraussetzung, dass das Letztere leer ist), und einer manuellen Installierung im Experten-Modus, die es Ihnen erm\u00f6glichen wird, nicht nur die Informationen \u00fcber die mit dem Modul verbundene MySQL-Datenbank zu bestimmen, sondern auch die Angaben zu der Website selbst (Administratorname, assoziierter Dom\u00e4nenname, Sprache der Anwenderoberfl\u00e4che, sowie Name und Installationspfad des Moduls auf dem Server).<\/p>\n<p>Generell ist es eher beruhigend zu wissen, bevor man sich auf dedizierten Terrain wagt, dass die geteilten Web-Hosting-Angebote von OVH flexibel und skalierbar genug sind, um es einem gut organisierten Projektinitiator zu erlauben, sein Vorhaben unter realen Bedingungen zu testen und zu entwickeln, und zwar zun\u00e4chst \u00fcber das Basic-Angebot\u00a0falls notwendig (eine Datenbank [1]), im Hinblick auf einen sp\u00e4teren \u00dcbergang auf das\u00a0Pro-Angebot (vier Datenbanken [2]), bis zur massgeschneiderten Performance-L\u00f6sung (f\u00fcnf Datenbanken [3]).<\/p>\n<p>Auch hinsichtlich eines spezifischeren Umgangs mit einer MySQL-Datenbank (4) ist es wichtig zu wissen, dass eine gr\u00fcndliche Vorbereitung des Web-Projekts im Vorfeld des Publikationsprozesses das Risiko beachtlich vermindert, im Nachhinein \u00fcber phpMyAdmin\u00a0(5) eventuelle Fehler in den MySQL-Tabellen korrigieren zu m\u00fcssen. Das gleiche gilt hinsichtlich der f\u00fcr die beabsichtigten Endbenutzer sorgf\u00e4ltig zu definierenden Rollen und Verantwortungen\u00a0(6).<\/p>\n<p><strong>Navigation<\/strong><br \/>\n<a href=\"https:\/\/www.daniela-berndt.foundation\/matrix\/fr\/wordpress\/etape-2\/\">FR<\/a>\u00a0\u2022 <a href=\"https:\/\/www.daniela-berndt.foundation\/matrix\/en\/wordpress\/step-2\/\">EN<\/a>\u00a0\u2022\u00a0<a href=\"https:\/\/www.daniela-berndt.foundation\/matrix\/de\/wordpress\/etappe-3\/\">E3<\/a><\/p>\n<p><strong>N\u00e4here Angaben<\/strong><br \/>\n(1)\u00a0<a href=\"https:\/\/www.ovh.de\/hosting\/hosting-basic.xml\" target=\"_blank\" rel=\"noopener\">https:\/\/www.ovh.de\/hosting\/hosting-basic.xml<\/a><br \/>\n(2)\u00a0<a href=\"https:\/\/www.ovh.de\/hosting\/hosting-pro.xml\" target=\"_blank\" rel=\"noopener\">https:\/\/www.ovh.de\/hosting\/hosting-pro.xml<\/a><br \/>\n(3)\u00a0<a href=\"https:\/\/www.ovh.de\/hosting\/performance-hosting.xml\" target=\"_blank\" rel=\"noopener\">https:\/\/www.ovh.de\/hosting\/performance-hosting.xml<\/a><br \/>\n(4)\u00a0<a href=\"https:\/\/de.wikipedia.org\/wiki\/MySQL\" target=\"_blank\" rel=\"noopener\">https:\/\/de.wikipedia.org\/wiki\/MySQL<\/a><br \/>\n(5)\u00a0<a href=\"https:\/\/de.wikipedia.org\/wiki\/PhpMyAdmin\" target=\"_blank\" rel=\"noopener\">https:\/\/de.wikipedia.org\/wiki\/PhpMyAdmin<\/a><br \/>\n(6)\u00a0<a href=\"https:\/\/codex.wordpress.org\/Roles_and_Capabilities\" target=\"_blank\" rel=\"noopener\">https:\/\/codex.wordpress.org\/roles-and-capabilities<\/a><\/p>\n","protected":false},"excerpt":{"rendered":"<p>Installation (von MySQL und WordPress) Um eine WordPress-Website reibungslos erstellen zu k\u00f6nnen, werden Sie zun\u00e4chst eine Entscheidung treffen m\u00fcssen, zwischen einer automatischen Installierung, die&#46;&#46;&#46;<\/p>\n","protected":false},"author":1,"featured_media":0,"parent":234,"menu_order":2,"comment_status":"open","ping_status":"closed","template":"","meta":{"footnotes":""},"class_list":["post-357","page","type-page","status-publish","hentry"],"_links":{"self":[{"href":"https:\/\/www.daniela-berndt.foundation\/matrix\/wp-json\/wp\/v2\/pages\/357","targetHints":{"allow":["GET"]}}],"collection":[{"href":"https:\/\/www.daniela-berndt.foundation\/matrix\/wp-json\/wp\/v2\/pages"}],"about":[{"href":"https:\/\/www.daniela-berndt.foundation\/matrix\/wp-json\/wp\/v2\/types\/page"}],"author":[{"embeddable":true,"href":"https:\/\/www.daniela-berndt.foundation\/matrix\/wp-json\/wp\/v2\/users\/1"}],"replies":[{"embeddable":true,"href":"https:\/\/www.daniela-berndt.foundation\/matrix\/wp-json\/wp\/v2\/comments?post=357"}],"version-history":[{"count":44,"href":"https:\/\/www.daniela-berndt.foundation\/matrix\/wp-json\/wp\/v2\/pages\/357\/revisions"}],"predecessor-version":[{"id":4824,"href":"https:\/\/www.daniela-berndt.foundation\/matrix\/wp-json\/wp\/v2\/pages\/357\/revisions\/4824"}],"up":[{"embeddable":true,"href":"https:\/\/www.daniela-berndt.foundation\/matrix\/wp-json\/wp\/v2\/pages\/234"}],"wp:attachment":[{"href":"https:\/\/www.daniela-berndt.foundation\/matrix\/wp-json\/wp\/v2\/media?parent=357"}],"curies":[{"name":"wp","href":"https:\/\/api.w.org\/{rel}","templated":true}]}}