{"id":361,"date":"2016-05-30T19:26:14","date_gmt":"2016-05-30T17:26:14","guid":{"rendered":"http:\/\/daniela-berndt.foundation\/matrix\/?page_id=361"},"modified":"2018-08-16T12:36:10","modified_gmt":"2018-08-16T10:36:10","slug":"etappe-4","status":"publish","type":"page","link":"https:\/\/www.daniela-berndt.foundation\/matrix\/de\/wordpress\/etappe-4\/","title":{"rendered":"Etappe 4"},"content":{"rendered":"<h4>Website-Vorlagen hinzuf\u00fcgen und personalisieren<\/h4>\n<p>Insofern als es sehr oft viel einfacher ist, neues Web-Design-Wissen zu erwerben, wenn man eine bestimmte Idee umzusetzen hat, ist es im Fall eines Umstiegs auf WordPress.org genauso angebracht, gleich anl\u00e4sslich der ersten Vorbereitungsstufe eine Reihe von Website-Vorlagen einzuplanen, die man im Anschluss an die Dashboard-Erkundungsphase installieren sollte, zumal jedes frisch installierte Modul standardm\u00e4ssig mit einigen Vorlagen ausgestattet ist, die f\u00fcr die anf\u00e4nglichen Konfigurationstests der Etappe 3 durchaus gen\u00fcgen.<\/p>\n<p>Um durch die Tausenden von Vorlagen des WordPress.org-Verzeichnisses\u00a0(1) eine erste selektive Querauslese durchf\u00fchren zu k\u00f6nnen, sollten Sie sich als (Quer)Einsteiger zun\u00e4chst mit den Rubriken Vorgestellt (2),\u00a0Popul\u00e4r (3), und Neueste (4) vertraut machen. Wenn Sie sich durch die ersten Seiten nicht besonders angesprochen f\u00fchlen, sollten Sie nach Funktionen weiter filtern, und gezielt Responsive-Design-Vorlagen\u00a0(5) aussondern, wodurch sich das Spektrum der M\u00f6glichkeiten auf 100+ Modelle reduziert (6). Diese erste Selektion k\u00f6nnen Sie dann weiter nach Layout, Funktionen und Thema verfeinern.<\/p>\n<p>In Bezug auf die Kriterien, die im Sinne einer pertinenten Auslese eines\u00a0spezifischen Modells\u00a0(7) zu ber\u00fccksichtigen w\u00e4ren, sind folgende Merkmale ausschlaggebend:<\/p>\n<ul>\n<li>Das Datum der letzten Aktualisierung, das m\u00f6glichst jung sein sollte,<\/li>\n<li>Die Zahl der aktiven Installationen, die beruhigender wirkt, wenn sie hoch ist,<\/li>\n<li>Die globale Bewertung, nach der Anzahl von Sternen,<\/li>\n<li>Die Vorschau, die oft weniger attraktiv ist, als die Demo-Vorlage,<\/li>\n<li>Die Rezensionen, nach der Anzahl von Sternen pro Bewertungsstufe,<\/li>\n<li>Die Beitr\u00e4ge des Support-Forums.<\/li>\n<\/ul>\n<p>Zum Schluss sollte man sich dar\u00fcber bewusst sein, dass die Modelle des Vorlagenverzeichnisses oft Starter- bzw. Demo-Versionen sind, die auf ihre jeweiligen professionellen Varianten auf der Website des produzierenden Autors weiterleiten, wo sie gegen Zahlung heruntergeladen werden k\u00f6nnen. Aus der konzeptuellen Perspektive des Administrators gegen\u00fcber seinem Web-Hosting-Dienstanbieter entspricht ein solcher Kauf ausserhalb des offiziellen nativen Verzeichnisses demnach dem Erwerb einer Applikation ausserhalb des Mac App Store, bei einem zwar identifizierten Entwickler, dessen Sicherheitseinstellungen jedoch Ihre eigenen auf Mac 2 herunterstufen werden. Um einer vertraglichen Garantie vom Typ Mac 1 Rechnung tragen zu k\u00f6nnen, m\u00fcsste der Kauf von innerhalb des Vorlagen-Managers des WordPress.org-Dashboards erfolgen k\u00f6nnen, d.h. als integrierte Erweiterungsm\u00f6glichkeit zu dem neben der Starter-Version verf\u00fcgbaren professionellen Angebots. Dies w\u00fcrde f\u00fcr den Anwender das Risiko ausschalten, das mit dem FTP-Upload von ungepr\u00fcften Dateien einhergeht, wenn spezifische Einzelteile von ausserhalb des vertraglichen Garantiebereichs heruntergeladen werden m\u00fcssen.<\/p>\n<p><strong>Navigation<\/strong><br \/>\n<a href=\"https:\/\/www.daniela-berndt.foundation\/matrix\/fr\/wordpress\/etape-4\/\">FR<\/a>\u00a0\u2022 <a href=\"https:\/\/www.daniela-berndt.foundation\/matrix\/en\/wordpress\/step-4\/\">EN<\/a>\u00a0\u2022\u00a0<a href=\"https:\/\/www.daniela-berndt.foundation\/matrix\/de\/wordpress\/etappe-5\/\">E5<\/a><\/p>\n<p><strong>N\u00e4here Angaben<\/strong><br \/>\n(1)\u00a0<a href=\"https:\/\/de.wordpress.org\/themes\/\" target=\"_blank\" rel=\"noopener\">https:\/\/de.wordpress.org\/themes\/<\/a><br \/>\n(2) Standardm\u00e4ssig sind 15 Modelle aufgef\u00fchrt<br \/>\n(3) 3247 Modelle zum 10\/07\/2018<br \/>\n(4) 6036 zum 10\/07\/2018<br \/>\n(5) Filtern nach &#8220;F\u00fcr Barrierefreiheit geeignet&#8221;<br \/>\n(6) 123 Modelle zum 10\/07\/2018<br \/>\n(7)\u00a0<a href=\"https:\/\/de.wordpress.org\/themes\/twentyseventeen\/\" target=\"_blank\" rel=\"noopener\">https:\/\/de.wordpress.org\/themes\/twentyseventeen\/<\/a><\/p>\n","protected":false},"excerpt":{"rendered":"<p>Website-Vorlagen hinzuf\u00fcgen und personalisieren Insofern als es sehr oft viel einfacher ist, neues Web-Design-Wissen zu erwerben, wenn man eine bestimmte Idee umzusetzen hat, ist&#46;&#46;&#46;<\/p>\n","protected":false},"author":1,"featured_media":0,"parent":234,"menu_order":4,"comment_status":"open","ping_status":"closed","template":"","meta":{"footnotes":""},"class_list":["post-361","page","type-page","status-publish","hentry"],"_links":{"self":[{"href":"https:\/\/www.daniela-berndt.foundation\/matrix\/wp-json\/wp\/v2\/pages\/361","targetHints":{"allow":["GET"]}}],"collection":[{"href":"https:\/\/www.daniela-berndt.foundation\/matrix\/wp-json\/wp\/v2\/pages"}],"about":[{"href":"https:\/\/www.daniela-berndt.foundation\/matrix\/wp-json\/wp\/v2\/types\/page"}],"author":[{"embeddable":true,"href":"https:\/\/www.daniela-berndt.foundation\/matrix\/wp-json\/wp\/v2\/users\/1"}],"replies":[{"embeddable":true,"href":"https:\/\/www.daniela-berndt.foundation\/matrix\/wp-json\/wp\/v2\/comments?post=361"}],"version-history":[{"count":45,"href":"https:\/\/www.daniela-berndt.foundation\/matrix\/wp-json\/wp\/v2\/pages\/361\/revisions"}],"predecessor-version":[{"id":4832,"href":"https:\/\/www.daniela-berndt.foundation\/matrix\/wp-json\/wp\/v2\/pages\/361\/revisions\/4832"}],"up":[{"embeddable":true,"href":"https:\/\/www.daniela-berndt.foundation\/matrix\/wp-json\/wp\/v2\/pages\/234"}],"wp:attachment":[{"href":"https:\/\/www.daniela-berndt.foundation\/matrix\/wp-json\/wp\/v2\/media?parent=361"}],"curies":[{"name":"wp","href":"https:\/\/api.w.org\/{rel}","templated":true}]}}