{"id":3943,"date":"2018-07-16T18:38:25","date_gmt":"2018-07-16T16:38:25","guid":{"rendered":"https:\/\/www.daniela-berndt.foundation\/matrix\/?page_id=3943"},"modified":"2024-07-09T18:27:10","modified_gmt":"2024-07-09T16:27:10","slug":"dimension-6","status":"publish","type":"page","link":"https:\/\/www.daniela-berndt.foundation\/matrix\/fr\/developpement\/dimension-6\/","title":{"rendered":"Dimension 6"},"content":{"rendered":"<h4>Notificabilit\u00e9<\/h4>\n<p>La configuration durable des syst\u00e8mes de notification en fonction de la d\u00e9claration de mission (1) relative \u00e0 un p\u00e9rim\u00e8tre de franchise web particulier implique de consid\u00e9rer le chantier de production dans son ensemble (2), sous l\u2019angle de la d\u00e9clinaison strat\u00e9gique (3).<\/p>\n<p>En termes de continuit\u00e9 de service, la temporalit\u00e9 (4) de long terme (5) fait r\u00e9f\u00e9rence au domaine de la planification strat\u00e9gique, dans le cadre de laquelle l\u2019auteur web franchis\u00e9 \u00e9voluera suivant une logique de recherche et d\u00e9veloppement, dans l\u2019objectif de produire des publications web concernant son domaine de comp\u00e9tence, qui feront foi, \u00e0 ce titre, de d\u00e9clarations d\u2019intentions (6).<\/p>\n<p>La temporalit\u00e9 de moyen terme (7) renvoie \u00e0 l\u2019imp\u00e9ratif de d\u00e9clinaison tactique de la strat\u00e9gie publi\u00e9e sous forme de d\u00e9claration de mission, au sujet de laquelle l\u2019auteur web franchis\u00e9 communiquera en temps semi-diff\u00e9r\u00e9, par l\u2019interm\u00e9diaire de flux RSS (8) et de courriers \u00e9lectroniques, sur l\u2019\u00e9tat d\u2019avancement (9) de son chantier de production.<\/p>\n<p>La temporalit\u00e9 de court terme (10) fait r\u00e9f\u00e9rence \u00e0 l\u2019action en train de se d\u00e9rouler sur le plan op\u00e9rationnel, que les communications relatives \u00e0 cette derni\u00e8re soient enti\u00e8rement automatis\u00e9es (alertes SMS, notifications de mise \u00e0 jour), ou g\u00e9n\u00e9r\u00e9es par l\u2019auteur web franchis\u00e9 par messagerie instantan\u00e9e (flux de conversation).<\/p>\n<p><strong>Navigation<\/strong><br \/>\n<a href=\"https:\/\/www.daniela-berndt.foundation\/matrix\/en\/development\/dimension-6\/\">EN<\/a> \u2022 <a href=\"https:\/\/www.daniela-berndt.foundation\/matrix\/de\/entwicklung\/dimension-6\/\">DE<\/a> \u2022\u00a0<a href=\"https:\/\/www.daniela-berndt.foundation\/matrix\/fr\/developpement\/dimension-7\/\">D7<\/a><\/p>\n<p><strong>Pr\u00e9cisions<\/strong><br \/>\n(1) <a href=\"https:\/\/exterfolio.daniela-berndt.foundation\" target=\"_blank\" rel=\"noopener\">https:\/\/exterfolio.daniela-berndt.foundation<\/a><br \/>\n(2) <a href=\"https:\/\/testfolio-v2.daniela-berndt.foundation\" target=\"_blank\" rel=\"noopener\">https:\/\/testfolio-v2.daniela-berndt.foundation<\/a><br \/>\n(3)\u00a0<a href=\"https:\/\/www.daniela-berndt.foundation\/matrix\/slidefolio\/menu-3_dimension-6\/\">https:\/\/www.daniela-berndt.foundation\/matrix\/slidefolio\/menu-3_dimension-6\/<\/a><br \/>\n(4) <a href=\"https:\/\/fr.wikipedia.org\/wiki\/Temporalit\u00e9\" target=\"_blank\" rel=\"noopener\">https:\/\/fr.wikipedia.org\/wiki\/temporalite<\/a><br \/>\n(5) <a href=\"https:\/\/dashfolio-2018.daniela-berndt.foundation\/fr\/franchise\/\" target=\"_blank\" rel=\"noopener\">https:\/\/dashfolio-2018.daniela-berndt.foundation\/fr\/franchise\/<\/a><br \/>\n(6) <a href=\"https:\/\/www.daniela-berndt.ovh\/fr\/agenda\/\" target=\"_blank\" rel=\"noopener\">https:\/\/www.daniela-berndt.ovh\/fr\/agenda\/<\/a><br \/>\n(7) <a href=\"https:\/\/dashfolio-2018.daniela-berndt.foundation\/fr\/feedback\/\" target=\"_blank\" rel=\"noopener\">https:\/\/dashfolio-2018.daniela-berndt.foundation\/fr\/feedback\/<\/a><br \/>\n(8) <a href=\"https:\/\/www.daniela-berndt.ovh\/fr\/agenda\/files\/tag-flux-rss.html\" target=\"_blank\" rel=\"noopener\">https:\/\/www.daniela-berndt.ovh\/fr\/agenda\/files\/tag-flux-rss.html<\/a><br \/>\n(9) <a href=\"https:\/\/dashfolio-2018.daniela-berndt.foundation\/fr\/weblog\/\" target=\"_blank\" rel=\"noopener\">https:\/\/dashfolio-2018.daniela-berndt.foundation\/fr\/weblog\/<\/a><br \/>\n(10) <a href=\"https:\/\/dashfolio-2018.daniela-berndt.foundation\/fr\/contact\/\" target=\"_blank\" rel=\"noopener\">https:\/\/dashfolio-2018.daniela-berndt.foundation\/fr\/contact\/<\/a><\/p>\n","protected":false},"excerpt":{"rendered":"<p>Notificabilit\u00e9 La configuration durable des syst\u00e8mes de notification en fonction de la d\u00e9claration de mission (1) relative \u00e0 un p\u00e9rim\u00e8tre de franchise web particulier&#46;&#46;&#46;<\/p>\n","protected":false},"author":1,"featured_media":0,"parent":2237,"menu_order":6,"comment_status":"open","ping_status":"closed","template":"","meta":{"footnotes":""},"class_list":["post-3943","page","type-page","status-publish","hentry"],"_links":{"self":[{"href":"https:\/\/www.daniela-berndt.foundation\/matrix\/wp-json\/wp\/v2\/pages\/3943","targetHints":{"allow":["GET"]}}],"collection":[{"href":"https:\/\/www.daniela-berndt.foundation\/matrix\/wp-json\/wp\/v2\/pages"}],"about":[{"href":"https:\/\/www.daniela-berndt.foundation\/matrix\/wp-json\/wp\/v2\/types\/page"}],"author":[{"embeddable":true,"href":"https:\/\/www.daniela-berndt.foundation\/matrix\/wp-json\/wp\/v2\/users\/1"}],"replies":[{"embeddable":true,"href":"https:\/\/www.daniela-berndt.foundation\/matrix\/wp-json\/wp\/v2\/comments?post=3943"}],"version-history":[{"count":33,"href":"https:\/\/www.daniela-berndt.foundation\/matrix\/wp-json\/wp\/v2\/pages\/3943\/revisions"}],"predecessor-version":[{"id":6620,"href":"https:\/\/www.daniela-berndt.foundation\/matrix\/wp-json\/wp\/v2\/pages\/3943\/revisions\/6620"}],"up":[{"embeddable":true,"href":"https:\/\/www.daniela-berndt.foundation\/matrix\/wp-json\/wp\/v2\/pages\/2237"}],"wp:attachment":[{"href":"https:\/\/www.daniela-berndt.foundation\/matrix\/wp-json\/wp\/v2\/media?parent=3943"}],"curies":[{"name":"wp","href":"https:\/\/api.w.org\/{rel}","templated":true}]}}